termine j(12).
20
Let c(y) = -13*y**2 - 349*y + 163. Determine c(-26).
449
Let g(b) = 4*b**3 + 248*b**2 + 4061*b + 251785. What is g(-62)?
3
Let f(d) = -284*d - 19867. Determine f(-70).
13
Let t(h) = 1031*h + 3156. Determine t(-5).
-1999
Let y(f) = 283*f - 14345. Give y(57).
1786
Let j(r) = r**3 - 13*r**2 + 194*r - 1330. Determine j(10).
310
Let j(r) = 304*r - 3825. Calculate j(12).
-177
Let q(x) = x**3 - 18*x**2 + 189*x - 20. What is q(12)?
1384
Let g(k) = -2*k**3 - 170*k**2 - 10*k - 571. Give g(-85).
279
Let f(q) = -q**2 + 364573*q - 6926517. Calculate f(19).
9
Let h(v) = -v**3 + 132*v**2 + 1716*v + 4222. Calculate h(144).
2494
Let z(x) = -264*x**2 - 600*x + 123. Determine z(-4).
-1701
Let h(d) = -1355*d - 73269. Give h(-54).
-99
Let w(f) = 2*f**3 - 125*f**2 + 405*f - 792. Give w(59).
-1264
Let n(x) = -5701*x + 4578. Calculate n(1).
-1123
Let g(c) = 22233*c - 289225. Determine g(13).
-196
Let s(j) = -2*j**2 + 2688*j + 13521. Calculate s(-5).
31
Let l(u) = -5891*u + 35324. Give l(6).
-22
Let d(a) = 25285*a - 986106. Determine d(39).
9
Let g(j) = -4*j**3 - 12*j**2 + 23*j + 131. Determine g(-6).
425
Let s(d) = 9320*d + 167738. What is s(-18)?
-22
Let f(h) = -989*h + 266997. Calculate f(270).
-33
Let p(b) = 41513*b + 123703. Determine p(-3).
-836
Let p(b) = -b**3 - 98*b**2 + 614*b - 483. What is p(-104)?
557
Let m(s) = -s**2 + 1211*s - 64617. Determine m(56).
63
Let m(c) = -c**2 - 502*c + 3586. Determine m(7).
23
Let k(s) = 5856*s + 767007. Calculate k(-131).
-129
Let v(t) = 14*t**3 - 757*t**2 - 713*t - 19. Determine v(55).
91
Let k(r) = 10*r**3 + 397*r**2 - 111*r + 381. What is k(-40)?
21
Let o(j) = -4307*j - 43071. What is o(-10)?
-1
Let x(h) = 3*h**3 - 85*h**2 - 129*h + 4391. Calculate x(28).
-5
Let u(b) = -241523*b + 483082. Give u(2).
36
Let r(s) = 17*s**2 + 1151*s - 9094. What is r(8)?
1202
Let x(o) = -o**2 - 948*o + 7627. What is x(8)?
-21
Let y(o) = o**3 - 17*o**2 + 27*o - 12. What is y(20)?
1728
Let i(x) = -1370*x + 147. Determine i(0).
147
Let o(h) = -149*h - 6473. Determine o(-51).
1126
Let x(z) = 378782*z - 45832626. What is x(121)?
-4
Let c(u) = 2447812*u + 17134690. Calculate c(-7).
6
Let m(w) = w**3 + 31*w**2 + 125*w + 9. Give m(-16).
1849
Let y(b) = -39*b**3 - 821*b**2 - 76*b - 1343. Give y(-21).
-629
Let n(y) = 68*y**3 - 268*y**2 + 6. Calculate n(4).
70
Let f(l) = -7207*l - 2032383. Calculate f(-282).
-9
Let l(w) = -3*w**2 - 2554*w - 509004. Give l(-533).
11
Let v(p) = 92*p**2 + 5691*p - 791. Determine v(-62).
15
Let x(w) = -286*w**2 + 960*w + 1. Determine x(3).
307
Let i(f) = -2173*f - 76073. What is i(-35)?
-18
Let k(u) = 176*u + 352. What is k(7)?
1584
Let b(y) = 18*y**3 - 57*y + 93. Calculate b(2).
123
Let p(l) = 3*l**2 + 13*l - 572. Calculate p(-34).
2454
Let u(i) = -2*i**3 - 1491*i**2 - 15434*i + 745. Determine u(-735).
10
Let s(u) = -49*u + 1529. What is s(31)?
10
Let r(p) = -60*p**3 - 1321*p**2 - 91*p - 1551. What is r(-22)?
-33
Let t(l) = -13*l**2 + 33*l - 23. Calculate t(9).
-779
Let a(q) = 516408*q - 2582038. Give a(5).
2
Let w(i) = -13357*i + 173634. Calculate w(13).
-7
Let d(v) = v**3 - 294*v**2 - 4414*v + 129863. Give d(307).
2
Let c(p) = -p**2 - 747*p + 25789. What is c(33)?
49
Let s(j) = -455*j**2 - 14065*j + 1254. Calculate s(-31).
14
Let w(t) = 6853*t**2 - 239820*t - 1215. Determine w(35).
10
Let j(c) = -2644*c + 69619. Determine j(26).
875
Let o(f) = 6*f**2 - 550*f + 276. Calculate o(91).
-88
Let x(n) = -5*n**2 - 137*n - 829. Determine x(-10).
41
Let r(t) = 1087*t - 202307. Determine r(186).
-125
Let i(m) = -10*m**2 + 118*m - 42. Calculate i(17).
-926
Let f(o) = -o**3 - 36*o**2 - 284*o - 1084. Give f(-26).
-460
Let a(g) = g**3 + 21*g**2 + 4430*g + 93031. Calculate a(-21).
1
Let s(k) = 3*k**3 + 3*k**2 - 21*k + 12. Calculate s(3).
57
Let u(h) = -h**3 + 37*h**2 - 137*h - 7. Give u(4).
-27
Let n(l) = -33*l**2 - 232*l + 2332. What is n(-13)?
-229
Let n(a) = -527*a - 77469. Calculate n(-147).
0
Let l(u) = -6*u**3 - 723*u**2 + 352*u - 1325. What is l(-121)?
6
Let v(l) = -14*l**2 - 102370*l + 307248. Determine v(3).
12
Let d(a) = 988*a + 27304. Calculate d(-27).
628
Let m(p) = 3*p**3 + 673*p**2 - 13605*p + 745. Give m(-243).
16
Let h(s) = -s**3 + 4*s**2 + 321*s - 141. Give h(20).
-121
Let z(o) = o**3 + 130*o**2 + 19*o + 414. What is z(-130)?
-2056
Let f(o) = o**3 + 259*o**2 - 1399*o - 20855. Give f(-264).
1
Let y(r) = -8318*r + 33612. Determine y(4).
340
Let m(t) = -695*t - 6064. What is m(-7)?
-1199
Let h(v) = v**2 + 686*v + 66585. What is h(-117)?
12
Let j(q) = 98*q**3 - 488*q**2 + 37*q - 268. Give j(5).
-33
Let f(m) = -m**3 + 17*m**2 - 6*m - 67. Give f(8).
461
Let m(x) = -x**3 - 463*x**2 + 120*x - 376649. Calculate m(-465).
1
Let x(h) = -3162*h - 164441. Determine x(-52).
-17
Let k(y) = -3*y**2 - 325*y + 42541. Calculate k(76).
513
Let m(o) = o**3 + 47*o**2 + 496*o - 29. Calculate m(-15).
-269
Let u(p) = -p**3 + 57*p**2 - 699*p - 11. Determine u(18).
43
Let v(s) = 3322*s - 109722. What is v(33)?
-96
Let v(s) = -1114*s - 22260. What is v(-20)?
20
Let l(q) = -3*q**2 - 21*q + 4420. What is l(35)?
10
Let a(o) = 63405*o + 2409395. Give a(-38).
5
Let l(i) = -i**2 + 7636*i - 213026. Calculate l(28).
-2
Let v(b) = 6394*b - 6078. Give v(1).
316
Let k(l) = -3*l**3 - 25*l**2 + 593*l - 1074. What is k(2)?
-12
Let g(q) = -1634*q + 1147426. Give g(702).
358
Let l(z) = 58*z**2 + 254*z - 549. Calculate l(-6).
15
Let t(w) = w**3 - 197*w**2 + 1143*w + 422. What is t(191)?
-151
Let o(r) = -578*r - 41011. Give o(-71).
27
Let i(c) = -25*c**3 - 278*c**2 - 32*c - 30. What is i(-11)?
-41
Let h(f) = f**3 + 3921*f**2 + 389535*f - 77. Calculate h(-102).
229
Let b(f) = 23081*f - 92317. Determine b(4).
7
Let l(p) = -p**2 - 108865*p - 9028905. Calculate l(-83).
1
Let u(f) = 6372*f - 503620. What is u(79)?
-232
Let x(u) = 1269*u - 3771. Calculate x(3).
36
Let k(p) = -43*p**3 - 8*p**2 - 93*p - 213. What is k(-3)?
1155
Let v(w) = 1933*w + 8087. Give v(-4).
355
Let r(z) = -12724*z - 102728. Determine r(-8).
-936
Let f(q) = -97*q**2 + 2901*q + 28. Determine f(30).
-242
Let q(c) = -141877*c + 2553779. Determine q(18).
-7
Let y(v) = -v**3 + 77*v**2 + 22300*v - 10222. Determine y(-116).
-14
Let r(i) = -2*i**3 - 588*i**2 - 1747*i - 296. Give r(-291).
-5
Let a(u) = -6*u**2 - 6413*u + 19273. Give a(3).
-20
Let h(m) = -5*m**2 + 3640*m + 21811. Determine h(-6).
-209
Let g(q) = 4229*q + 63058. Give g(-15).
-377
Let o(v) = -v**2 - 531*v + 44773. Calculate o(74).
3
Let q(d) = -96940*d - 1. What is q(0)?
-1
Let i(l) = -835*l - 12532. Calculate i(-15).
-7
Let x(a) = -5*a**2 + 18. Give x(-4).
-62
Let d(c) = 985*c**2 - 4548*c + 4548. Calculate d(1).
985
Let v(g) = -14*g**3 - 378*g**2 + 33*g + 930. What is v(-27)?
39
Let m(p) = -5302*p + 376397. Determine m(71).
-45
Let m(r) = r**2 - 145*r - 32985. Give m(267).
-411
Let a(n) = n**3 + 14*n**2 - 130*n + 3. What is a(-20)?
203
Let g(l) = -24511*l - 1666754. What is g(-68)?
-6
Let y(h) = 10*h**2 + 3322*h + 6831. What is y(-330)?
-429
Let n(o) = -72172*o - 1443443. Give n(-20).
-3
Let i(j) = -59*j**2 + 3317*j + 42632. What is i(67)?
20
Let c(j) = 38*j**3 + 142*j**2 - 3. Calculate c(-4).
-163
Let c(w) = w**3 + 18*w**2 + 43671*w + 435921. What is c(-10)?
11
Let w(p) = p**3 + 29*p**2 - 88*p - 1262. What is w(-32)?
-1518
Let j(q) = q**3 + 89*q**2 - 206*q + 5762. Give j(-92).
-678
Let s(c) = 2*c**3 - 258*c**2 + 776*c - 27. What is s(3)?
33
Let p(a) = -10*a**3 - 144*a**2 - 221*a - 502. Give p(-13).
5
Let u(m) = -m**2 + 363*m - 30251. Give u(233).
39
Let l(d) = 2*d**2 - 125745*d - 3774127. Give l(-30).
23
Let q(p) = 115172*p + 2418580. What is q(-21)?
-32
Let z(f) = 9*f**3 + 14*f**2 - 25*f + 463. Give z(8).
5767
Let j(s) = -619663*s + 3717947. Calculate j(6).
-31
Let b(n) = -n**3 - 340*n**2 + 331*n - 3974. Determine b(-341).
-564
Let x(d) = -d**3 + 64*d**2 + 15*d - 1164. Give x(64).
-204
Let t(u) = -30*u**2 - 151*u + 127. Give t(-7).
-286
Let v(j) = -4*j**2 + 6*j + 1872. What is v(18)?
684
Let u(t) = 92*t**2 - 479*t - 81. What is u(9)?
3060
Let j(p) = -506*p**2 + 536858*p + 8484. Give j(1061).
-4
Let k(w) = w**2 + 83*w + 1203. Give k(-61).
-139
Let c(y) = y**2 - 6628*y + 145381. What is c(22)?
49
Let m(y) = -14641*y + 7730446. Give m(528).
-2
Let j(a) = -6062*a - 12024. Calculate j(-2).
100
Let i(m) = 2*m**2 - 65*m - 1261